(1/(-36)). Suppose -388 + 2834 = 93*g + 28. What is the highest common divisor of g and p?
26
Let n = -20448 - -20596. Let r be 12/18*(-222)/(-4). Calculate the greatest common divisor of r and n.
37
Let c be 8/1 - -6*(-15)/(-45). Suppose -521 + 6631 = c*r. What is the greatest common divisor of r and 13?
13
Let g = -2604 - -2576. Let l be (-9 + 2)*36/(-7). Let p = g + l. What is the greatest common divisor of 88 and p?
8
Let v be (3 - -18)/(-3)*-1. Let q(b) = b - 75. Let t(y) = 79. Let r(c) = -5*q(c) - 4*t(c). Let u be r(9). What is the greatest common factor of v and u?
7
Let v(s) = -6*s + 36. Let z be v(-6). Suppose -2*o + 3*g + z = 0, 5*o - 7*g - 180 = -2*g. What is the greatest common divisor of 120 and o?
12
Let r(s) be the first derivative of -s**2/2 + 18*s - 182. Let z(w) = -w + 7. Let c be z(7). Let j be r(c). What is the highest common divisor of 162 and j?
18
Suppose -3*t - 138 = -5*r, 5*t + 40 = 2*r - 0*r. Suppose 0 = 7*k + 16 + 26. Let o be ((-60)/(2 + k))/1. What is the highest common factor of r and o?
15
Let x be 538/27 - (9 - 3430/378). Calculate the greatest common factor of x and 236.
4
Let j = -25 + 21. Let x(u) = u**3 + 5*u**2 - u + 2. Let p be x(j). Suppose 7*m - 601 - 631 = 0. Calculate the highest common factor of m and p.
22
Let d = 394 - 396. Let w(x) = -52*x - 54. Let g be w(d). Calculate the greatest common factor of 20 and g.
10
Suppose 5*n - 426 = -386. Let s(q) be the second derivative of 4*q**3/3 - 4*q**2 - 2*q. Let o be s(5). Calculate the greatest common divisor of n and o.
8
Let s(j) = 42*j - 854. Let x be s(24). Calculate the greatest common factor of 10703 and x.
77
Let m be ((-14)/6)/(15/(-5085))*(-5)/(-5). Calculate the greatest common divisor of 7 and m.
7
Let z(d) = 35*d + 259. Let y be z(1). What is the highest common divisor of y and 42?
42
Let t(u) = 283*u + 487. Let o be t(-1). What is the greatest common factor of 4743 and o?
51
Suppose -19 = -d + 5*o, -3*o - 115 = -5*d + 2*o. Suppose -3330 = -50*k - 630. What is the greatest common divisor of k and d?
6
Let r(w) = 6*w**3 + 24*w**2 + w - 180. Let f be r(15). Calculate the greatest common factor of 15 and f.
15
Suppose -47*v - 4*t - 16 = -51*v, 0 = -t. Suppose -4*l - 4*f + 184 = 0, -v*l + f + 154 = -l. What is the greatest common factor of 2 and l?
2
Suppose -3*l + 63 - 213 = 0. Let c = l - -44. Let o(x) = -x**3 + 4*x**2 - 12*x - 9. Let p be o(c). Calculate the highest common factor of p and 47.
47
Let i(j) = -j**3 + 7*j**2 - 7*j - 16. Let d be i(4). Suppose 0 = 22*y - 21*y + g - 170, 0 = -d*y - 2*g + 690. What is the highest common factor of y and 385?
35
Suppose 148*v + 4*v = 4712. What is the greatest common divisor of v and 2325?
31
Let u be -53*(0 + (-1 - 0)). Let c = 1103 - 1746. Let x = -272 - c. What is the greatest common factor of x and u?
53
Let f(w) = 19*w**3 + 2*w**2 + 20*w - 93. Let s be f(4). What is the greatest common divisor of s and 2185?
95
Let j = 285 - 309. Let k(c) = -c**3 - 21*c**2 + 67*c + 24. Let n be k(j). What is the greatest common factor of n and 32?
16
Let c be ((-94)/4 + 5)*-1*2*3. Let z = 243 + -169. What is the greatest common factor of z and c?
37
Suppose -5*f = -3*f - 52. Let m be 30/(-27)*(-146 - -29). What is the highest common divisor of m and f?
26
Let m be -136 + 132 + 1 + 17. What is the highest common factor of m and 2814?
14
Let x be (-4)/(-3)*(1 + 15/3). What is the greatest common factor of x and 4496?
8
Let j(f) = -f**3 - 2*f**2 - 176*f + 18471. Let o be j(0). What is the highest common factor of o and 47?
47
Let g be -3*(-44)/(-33) - -1336. Calculate the greatest common factor of 36 and g.
36
Let k = -2964 - -3159. Calculate the highest common factor of k and 1209.
39
Let r be (-391212)/(-207) - 44/(-506). What is the highest common factor of r and 162?
54
Let s(l) = -131*l - 3531. Let y be s(-49). What is the greatest common factor of y and 64?
8
Suppose -6842*a + 6844*a - 10 = 0. Let r(k) = k**3 - 5*k**2 - k - 1. Let x be r(7). Suppose 6*n = 4*n + x. What is the greatest common divisor of a and n?
5
Suppose -4*v + 4*s + 180 = 0, 4*v + 2*s = -2*s + 204. Suppose -264 = -12*j + v. Calculate the highest common factor of j and 26.
26
Let y(s) = -45*s. Let v be y(-1). Let m = 275 - 271. Suppose 0 = -3*q - 4*g + 23, 0 = g - m + 5. Calculate the highest common divisor of q and v.
9
Let r = 212 + -64. Suppose r = -l + 382. Let z be ((-2)/2)/(781/(-20306)) - (1 - 1). What is the highest common divisor of l and z?
26
Suppose -5*r + 13 = 13. Let j(d) = d**3 - 2*d**2 + 2*d + 67. Let a be j(r). What is the greatest common divisor of 67 and a?
67
Suppose s - 66 = 38*v - 36*v, -s = -4*v - 78. What is the greatest common factor of 1458 and s?
54
Let n(c) = 21*c - 228. Let d be n(11). Suppose d*b + 39 = h, 3*b = 22*h - 18*h - 129. Calculate the highest common divisor of 1290 and h.
30
Let h(w) = 47*w**2 + 2*w - 101. Let y be h(9). What is the highest common factor of 76 and y?
76
Let a = 119 + -169. Let p = a - -56. Suppose -6*f + p = -5*f. What is the highest common divisor of 18 and f?
6
Let c = -427 + 441. Let h(k) = 22*k - 12. Let z be h(5). Calculate the highest common divisor of z and c.
14
Let l = -43241 - -43257. What is the highest common divisor of 120 and l?
8
Let d = -1142 + 1110. Suppose 2*f + s = 6*f - 395, -4*f + 5*s + 407 = 0. Let p = f + d. What is the greatest common factor of p and 11?
11
Suppose 5*l - 2 = -3*d + 2, 20 = -5*l. Let m(a) = 10*a - 21. Let j be m(d). What is the highest common divisor of j and 118?
59
Suppose -18*u + 13*u = 5*r - 225, -3*u - 3 = 0. Suppose -g = 4*t - r, 4*g + 20 = 3*t - 24. What is the greatest common factor of 84 and t?
12
Let i(t) = 366*t + 5378. Let r be i(-4). Calculate the highest common factor of r and 190.
38
Let q be -98*35/(-30)*(-6)/14. Let g be (q - -73) + 8/(-2). Calculate the highest common divisor of g and 35.
5
Let l(w) = w**2 + 10*w + 19. Let j(s) = 2*s + 18. Let x be j(-13). Let n be l(x). Suppose 7*v = 3*v + 36. What is the greatest common factor of n and v?
3
Suppose -509 = i - 511, -4*j + 18 = i. Suppose 96 = 9*o - o. What is the greatest common factor of j and o?
4
Let o = 6096 + -5066. What is the greatest common factor of 70 and o?
10
Let u(x) = 52*x**2 - x - 1. Let s be u(-1). Let h = -42768 - -42898. What is the greatest common divisor of s and h?
26
Let t(v) = 3*v**2 - 74*v - 15. Let m(q) = -q**3 - 6*q**2 - 18*q - 72. Let g be m(-6). Let j be t(g). Calculate the greatest common factor of j and 93.
93
Let x = 54 + -42. Suppose -8 = -k + 2*k - 3*v, 2*k + v = x. Suppose -k*n + 50 = -62. What is the highest common divisor of n and 84?
28
Let h = 11482 - 9286. What is the greatest common factor of 84 and h?
12
Let i be (7 + -1)/(3/26). Calculate the greatest common divisor of 3796 and i.
52
Let s be 10/15 + (-1 - (-12)/9). Let y be (108/8 + -14)/(1/(-2)). Calculate the greatest common factor of s and y.
1
Let y be (26/(-10) + -1)/((-162)/540). Let s(g) = -g**3 - 7*g**2 - 7*g - 6. Let m be s(-6). Let x = y - m. What is the greatest common divisor of 108 and x?
12
Let i = 167 + -177. Let w be (-140)/i + -1 + 2. What is the highest common factor of 3 and w?
3
Let a(t) = -364*t - 2149. Let g be a(-6). What is the highest common factor of g and 10?
5
Suppose 67*k - 62*k = -4*i + 2347, -1417 = -3*k + 2*i. Calculate the highest common factor of k and 9.
3
Let l(u) be the first derivative of u**4/4 - 2*u**3 - 4*u**2 - 24*u + 45. Let a be l(8). What is the highest common factor of 60 and a?
20
Let b be (-1)/(-10)*-2 + 284/20. Suppose 68*l + 840 = 80*l. Calculate the highest common factor of b and l.
14
Let n(j) = 2*j**3 + 29*j**2 + 66*j + 39. Let f be n(-11). Calculate the greatest common factor of f and 2800.
80
Let m(a) = a**2 - 9*a + 29. Let d be (20/(-6))/(2/(-3)). Let j be m(d). What is the highest common factor of 36 and j?
9
Suppose 5217 = 59*i - 22*i. Suppose 2*m - 6*g - 132 = -2*g, i = 2*m + 5*g. Calculate the greatest common divisor of m and 34.
34
Suppose -2472 - 14709 = -249*k. Calculate the highest common divisor of k and 21597.
69
Let s be (100/(-250))/(39/(-20) + 2). Let c = 6 - -12. Let f be c/(-1)*s/36*3. Calculate the highest common divisor of 108 and f.
12
Let b be (-2794)/(-14) - 2/(-42)*9. Let d = b - 176. Calculate the greatest com